 31*l**2 + 18*l - 446. Let v be b(14). Suppose 2*a = 1 - 7, -2*a = 3*d - 15. Suppose d*u - 495 - v = 0. What are the prime factors of u?
127
Let c(o) = 7642*o**3 - 4*o**2 - 4*o + 8. What are the prime factors of c(1)?
2, 3821
Let h be 0 + -3 + 10 + -3. Suppose 4*l - 328 = -l + 2*p, -3*p - 268 = -h*l. Let x = 207 - l. What are the prime factors of x?
11, 13
Suppose -54*t = -52*t - 4. Suppose -5*w = -10*w + 15, -t*y + 698 = -4*w. What are the prime factors of y?
5, 71
Let t(m) = 2*m + 54. Let k(d) = -d**2 - 5*d + 1. Let c be k(-4). Suppose -p = -3*p + c*p. What are the prime factors of t(p)?
2, 3
Let l be 34/(-119) - 4/(-14). Let o(n) = -2*n**3 + 2*n + 532. List the prime factors of o(l).
2, 7, 19
Suppose -25*d = -0*d - 100. Suppose 0 = 5*c + 20, 3*m - d*c + 717 = 2452. What are the prime factors of m?
3, 191
Let y(l) = -3*l**2 + 52*l - 12. Let f be y(17). What are the prime factors of (-45)/(-75) - (-297)/f?
2, 3, 5
Let q(k) = -22*k + 76. Let p be q(-27). Let s = p - -225. What are the prime factors of s?
5, 179
Let s be -5 - -1*(1324 + 3). Let c = s - 868. What are the prime factors of c?
2, 227
Suppose -30*z = -33421 - 102359. What are the prime factors of z?
2, 31, 73
Suppose -4*x - 49 - 7 = 0. List the prime factors of (0 + x/(-5))/(21/7350).
2, 5, 7
Let p be -2100*((5 - -1) + 216/(-60)). What are the prime factors of (88/(-6) - 0)/(210/p)?
2, 11
Let d(b) = b**3 + b**2 - 4*b + 1008. Suppose 4*r - 2*l = 1 - 3, -2*r + 4*l - 4 = 0. What are the prime factors of d(r)?
2, 3, 7
List the prime factors of (9/(-12) - 0)/(-13 + (-10388079)/(-799084)).
3, 11, 127
Let g = -987 - -3985. What are the prime factors of g?
2, 1499
Let b(h) = 612*h**2 + 146*h - 710. What are the prime factors of b(5)?
2, 5, 383
Let k(h) = -h**3 - h**2 - 3*h. Let b be k(0). Suppose -2*r + n + 10 = b, r - 2*n - 3 = 8. Suppose 5*w - 102 = r*w. What are the prime factors of w?
3, 17
Suppose -320227 = 156*m - 4190275. What are the prime factors of m?
2, 7, 443
Suppose 2*q = 3*f + 112, 3*f - f + 2*q + 58 = 0. Let o be 1/(5/(-2)) - f/85. Let j = o - -54. List the prime factors of j.
2, 3
Let w = 424 - 419. Suppose -6*f + 4*f = 3*l - 939, -w*f = 5*l - 2355. What are the prime factors of f?
2, 3, 79
Suppose 4*l = -4*z + 1408, 57*z + 3*l = 56*z + 360. What are the prime factors of z?
2, 3, 29
List the prime factors of (2/((-4)/(-21878)) - -4) + -3.
2, 5, 547
List the prime factors of 13/((-78)/(-60)) + 8075 + -1.
2, 43, 47
List the prime factors of -31404*((-48)/(-88) + (-46)/44).
2, 3, 2617
Suppose 8*l + 23658 = 14*l. Let c = -2153 + l. What are the prime factors of (-3)/(-2) + (c/(-4))/(-5)?
7, 13
Let m be (-3 - -6) + (-1 - -6 - 3). Suppose -m*i = -100 - 45. What are the prime factors of (-11 - -14)/(3/i)?
29
Let y = 250 - 243. List the prime factors of 1/(y/1) + (-20680)/(-35).
3, 197
Let n = 174966 - 76259. What are the prime factors of n?
7, 59, 239
Suppose -2*u + 8 = 4*l + 2, 6 = -2*l - 4*u. Let c = 1029 + -866. Suppose 0 = w - 2*s + 3*s - c, 0 = -4*w - l*s + 649. List the prime factors of w.
2, 5
Let l = -10921 + 13202. List the prime factors of l.
2281
Let u(m) = -m + 34. Let t be u(11). Let i = t + -19. Suppose 2*o = -i*n + 180, n + 3*n = 0. What are the prime factors of o?
2, 3, 5
Let b(q) = 4*q**3 + 21*q**2 - 108*q - 34. List the prime factors of b(12).
2, 13, 331
Suppose 6*k + 72 = 8*k. What are the prime factors of (k/14)/((-13)/(-1092))?
2, 3
Let q(t) = -48*t - 13. Let m be q(-14). Suppose -5*b = -3*c + m, -5*b + 2*c + 2*c = 662. Let w = b + 204. What are the prime factors of w?
2, 37
Let y be (8 + -11)/(6/4). Let j be y/(30/(-25) + 1). Suppose -4*o = 0, 2*d + o - 44 + j = 0. List the prime factors of d.
17
Let a be 923/4 + (-6)/8. Suppose 93*v - a = 98*v. List the prime factors of v/(-2) + -3 + 7.
3
Let j = -4 - -12. Suppose -9*q + j*q + 14 = 0. Suppose 5*m - q + 1 = -f, -4*m = 5*f - 86. List the prime factors of f.
2, 3
What are the prime factors of (48/(-6))/(-16) + (-38145)/(-6)?
2, 11, 17
Let r(i) = 2*i**3 + i**2 + 9. Let b be r(0). Let s be 6/(-6) + 1*b. Let k(l) = 2*l**2 - 11*l + 15. What are the prime factors of k(s)?
5, 11
Suppose -5*r + 2*l - 17 + 9 = 0, 5*r + 2*l - 8 = 0. Let h(q) = 4*q**2 - q + 656. List the prime factors of h(r).
2, 41
Let o = 165 - 144. Suppose 5564 = -8*a + o*a. List the prime factors of a.
2, 107
Let g be 149 + (-2 - (-12)/4). Let a = 203 - g. What are the prime factors of a?
53
What are the prime factors of 52012 + (19 - (32/(-4) + 15))?
2, 7, 929
Let h = -334 + 207. Let w = h + 316. List the prime factors of w.
3, 7
Suppose -5*m + 106812 = -2*p, 0 = 181*m - 185*m + 5*p + 85470. List the prime factors of m.
2, 3, 5, 89
Let d be (0*(-3)/(-15))/2. Suppose d = 5*u + 3*y - 1394, -4*u + 2*y - 562 = -1664. What are the prime factors of u?
277
Suppose -362670 = 112*k - 178*k. List the prime factors of k.
5, 7, 157
Let d(q) = q**2 - 15*q - 14. Let x be d(16). Let t = 377 + -223. Suppose -5*g - t = -2*l - x*g, l - 79 = 2*g. List the prime factors of l.
71
Let k(v) = v**2 - 10*v + 28. Let i be k(6). Suppose -2*w + 2*t - 149 = t, i*w = -t - 307. Let q = 9 - w. What are the prime factors of q?
5, 17
Let h be (2/5)/((-4)/240). Suppose 3 - 32 = -a. Let c = h + a. What are the prime factors of c?
5
Let t(y) = y**2 - 12*y + 17. Let b be t(-10). Let h = b - 63. What are the prime factors of h?
2, 3, 29
Suppose -5*q + 3*q + 4 = 0. Suppose -3*d + h = -4, h = -4*d - q*h - 12. Suppose 212 = 4*z - d*z. What are the prime factors of z?
53
Let k(v) = 6*v**3 - 15*v**2 + 153*v - 1793. What are the prime factors of k(14)?
13873
Let r(g) = 262*g + 1407. List the prime factors of r(47).
13721
Let f(j) = -3*j - 10*j + 13*j**2 - 5*j**3 + 7*j + 2 + 8*j**2. What are the prime factors of f(-5)?
2, 3, 197
Suppose 5*d + 5 = -q - 14, 4*d = -4*q - 28. What are the prime factors of 2*(70/4 - q)?
43
Suppose 5*z - 7 = 3. Suppose 0 = -z*j + 894 - 262. List the prime factors of j.
2, 79
Suppose -5*o - 115 = 5*t - 1410, -3*t + 777 = -2*o. What are the prime factors of t?
7, 37
Let n be (-9)/2*(-2)/3. Suppose -3*z - n*g + 168 = -g, 4*z - 213 = g. Let y = z - 15. List the prime factors of y.
3, 13
Let j(u) = -3*u - 7. Let p be j(6). Let d = -23 - p. Suppose 26 = -a + 4*r + 73, 141 = 3*a - d*r. List the prime factors of a.
47
Suppose 613 = q - 5*d + 215, 5*d + 1950 = 5*q. Let x = q - 278. What are the prime factors of x?
2, 5, 11
Let t(m) be the third derivative of 43/24*m**4 + 0*m + 0 - 9*m**2 - 7/3*m**3. List the prime factors of t(3).
5, 23
Let l(o) = -o**3 - 14*o**2 - 70*o + 9. Let g be l(-10). Suppose -r - 5*d + g = -161, -4*d = 8. What are the prime factors of r?
2, 3, 5
Let a(k) = k**2 + 9*k - 12. Let t(m) = m**2 - 10*m - 15. Let u(h) = h**2. Let p(z) = -t(z) + 2*u(z). Let n be p(-9). What are the prime factors of a(n)?
2, 3, 13
Suppose -k = -k - 34*k + 995894. List the prime factors of k.
17, 1723
Let z(o) = 59*o. Let s be z(1). Suppose -4*l + 28 = -4*r, -3*r - 9*l - 45 = -4*l. Let t = r + s. What are the prime factors of t?
7
Suppose -150*s + 1164281 = -24*s - 868225. List the prime factors of s.
3, 19, 283
Let z(m) = m**3 + m**2 + m + 47. Let a be z(0). Suppose 8*g - 3 = 9*g - 2*q, -4*g = -5*q + 6. Let y = g + a. List the prime factors of y.
2, 3
Suppose 19*p - 403 = 6*p. Suppose -p*a + 33*a - 2164 = 0. List the prime factors of 24/(-36)*(a/(-4) + -1).
181
Suppose 8*x - 130 = 21*x. What are the prime factors of 1275/2*(3 - x/(-6))?
2, 5, 17
Suppose 5*j - 153841 = 21*t - 17*t, -3*j = 4*t - 92343. What are the prime factors of j?
30773
Suppose 0 = -5*o + 5*c + 24430, -4*o - 2*c + 14864 = -4716. What are the prime factors of o?
2, 1223
Suppose 5*k + 33 = 68. Let p(r) = -r**3 + 16*r**2 - 3*r + 21. What are the prime factors of p(k)?
3, 7
Suppose 3*n = -2*r - 25, 3 = r - 4*n - 12. Let z(u) = 2*u**2 + 6*u - 5. Let f be z(r). What are the prime factors of (-4856)/(-48) - (f/(-18) + 1)?
101
Suppose 0 = 2*z - 4*j - 32, -j + 27 = 2*z - 15. Suppose -22*u = -18*u - z. Suppose -s + u*o = 3*o - 197, 4*o = -2*s + 410. List the prime factors of s.
3, 67
List the prime factors of (-44*26310/24)/(-2 + 1).
5, 11, 877
Let r(x) = -11 - 22 + 8 - 8*x. Let n be r(-4). Suppose 338 = -2*j + n*j - 4*b, -5*j = b - 353. List the prime factors of j.
2, 5, 7
Suppose 63 = -2*d + 9*d. Suppose -8*i - 5